
0
Calculate 4 - (4 - (-1 + -3 + 2) - 0).
-2
What is the value of -10 - ((-20 - -2) + 25 + 16 + -1)?
-32
0 - 6 - (23 - 29 - 2)
2
What is -15 + 35 + -15 - 26?
-21
Calculate (0 + -9 - (17 - 15)) + 24.
13
What is (-15 - -15) + (-17 - (-41 + 9))?
15
-4 + (12 - (3 - 0)) - 14
-9
Calculate (-7 + 19 + -3 - (-3 - -1)) + -6.
5
What is the value of 4 + 3 + (-21 - -15) - -7 - -13?
21
What is 6 - (-25 + -1 - -44)?
-12
-16 + (-7 - (11 + -5 + -4 - 5))
-20
Calculate (30 - -4) + -25 + -2 + 10.
17
13 + (24 - (21 - -28))
-12
Evaluate -11 + 13 + -1 + (77 - 88).
-10
Evaluate -4 + -1 - (8 + 2 - (82 - 75)).
-8
Evaluate -5 + (11 + -12 - -6) + 5.
5
Calculate 9 + (6 - (4 + 7)) - 10.
-6
Calculate 5 - ((8 - -1 - (7 + -2)) + 12).
-11
-5 - (10 + -3 + -1) - -1
-10
What is 5 + (-4 - -2) - 9 - (2 - 21)?
13
Evaluate (-23 - 0 - (-60 - -57)) + (-16 - -19).
-17
What is the value of -18 + (6 - (1 + -7))?
-6
What is 12 + -5 - (3 + -4)?
8
Evaluate 1 + 11 + (-15 - -5).
2
What is the value of 16 - (24 + (42 - 35))?
-15
What is the value of -2 + 8 - (-16 - (11 - 32))?
1
40 + -17 - 12 - (0 + 14)
-3
What is 38 - 64 - (-3 + -4)?
-19
What is -1 - (6 - (0 - (-1 - -6 - 5)))?
-7
What is the value of -122 - (-58 - 62) - (-1 + 1 - -8)?
-10
Calculate -73 - -67 - (-16 - (1 + 3)).
14
Calculate 0 - ((-8 - (-13 - -4)) + -7).
6
Calculate -9 + (3 - 9 - 0).
-15
What is 2 - (5 + -13) - 0?
10
What is the value of (272 - 288) + (37 - -1)?
22
3 + -4 + (6 - 3) + -6 + -1
-5
What is the value of -3 - (11 - 16 - -1)?
1
Evaluate 28 + -33 - -23 - (11 + 0).
7
(0 - 2) + (20 - 17)
1
What is -4 + 4 + 16 + -23?
-7
Calculate -3 + (2 - 8) + (550 - 562).
-21
(81 - 77) + (0 - (16 + (0 - 1)))
-11
Evaluate 17 - -25 - 11 - 49.
-18
(70 - 49) + (-6 - 5)
10
Calculate -4 + 3 - (-3 - (1 - 6)).
-3
Calculate 14 + (-4 + -5 - -11) + -7 - 37.
-28
What is the value of -11 - ((49 - 20) + -19)?
-21
What is (3 + -3 - (1 + 8)) + -21 + 25?
-5
Evaluate -10 - (-6 - 0) - -8.
4
Evaluate -21 + (10 - -18) + 4.
11
Evaluate 5 + -3 + -9 - (-11 - -1 - -9).
-6
Evaluate (-8 - -4 - (0 - 18)) + -7.
7
Calculate -37 + 42 - (-3 + 6 + -3 - -7).
-2
Evaluate 13 - (-13 + 38 + -13).
1
What is (-2 - 9 - (0 + 1)) + (24 - 19)?
-7
1 - -4 - -2 - (13 - (3 - 3))
-6
What is the value of -6 + -2 + (160 - 136)?
16
What is (-87 - -101) + (-1 - 21)?
-8
-4 + 1 + -1 - (-63 - -57) - -2
4
What is 4 + 0 + -9 + 19 + 3?
17
Evaluate 0 + -1 + 4 + 0 + 4 + 4.
11
Evaluate 3 + -10 - (0 - (-7 - -9)) - -3.
-2
Evaluate -6 + (4 - 11) - (-3 + 5 + 4).
-19
What is the value of 4 - (-1 - 2) - (-16 - -15)?
8
What is the value of -19 + (-6 + 6 - -13)?
-6
Calculate (17 - 1) + (-401 - -399).
14
What is the value of -4 - (-2 + (-4 - -5) + -5 + 3)?
-1
Calculate -37 + (35 - -12) + 6 + (-3 - -4).
17
Calculate (8 + 1 - (-7 + 15)) + 0 + 13.
14
(11 - (30 - 16)) + 8
5
(5 - (-6 + 9) - -7) + (-10 - -4)
3
What is the value of 0 + -9 + (-14 - -26)?
3
Calculate -108 + 98 + 3 + 10.
3
(-1 - 4) + (17 - (3 + 9))
0
What is -3 - (30 - 16) - (3 + -5)?
-15
What is the value of 1 - -10 - (219 + -202)?
-6
Calculate 46 - (159 - 156 - (2 - (0 - -9))).
36
Evaluate -12 + (-17 - -32) + (4 - 3 - 3).
1
Calculate 35 + (-25 - (-19 + 12)).
17
Evaluate (4 - (-1 + -1 - -18)) + -3.
-15
What is the value of 0 + 5 + 8 + -24?
-11
Calculate 9 + (-43 - -18) - -9.
-7
Evaluate (12 - 22) + 8 - 9.
-11
-82 - -57 - (-13 + 1)
-13
What is (2 - (10 + -3)) + (-2 - -9) + 11?
13
-1 + 10 + (667 - 659)
17
Evaluate -25 + 7 - (-147 + 164).
-35
Evaluate 1 + (2 - (4 + 1)) + -7.
-9
-2 + -6 - (-2 - 5 - (15 + -24))
-10
Evaluate 16 - (-13 - -15) - 9 - 21.
-16
What is the value of -6 + (-38 - (-17 + 17)) + 4?
-40
Evaluate -9 + 5 - -18 - (39 - 10).
-15
What is the value of 2 + 9 + 0 + -16 + -1 + 0?
-6
Calculate -11 + -4 + -3 + 10 + 5.
-3
24 + -48 - (-37 - -4)
9
Calculate -255 + 215 - (-1 - 26).
-13
What is -14 + -1 - (7 + -37)?
15
Evaluate -840 - -806 - (-16 + (2 - 3)).
-17
Evaluate (-25 - (18 + -33)) + 30.
20
What is 1 - -14 - (-1 + -15 + 25 + -11)?
17
What is the value of (2 + -7 - (7 - -8)) + 0?
-20
What is the value of (15 - (-21 - -24)) + (5 - 1 - 1)?
15
What is -34 + (38 - (15 + 11))?
-22
What is -13 - ((-6 - -8 - 2 - -5) + -3)?
-15
What is the value of -24 + 15 + (1 - -5) + 4?
1
Evaluate -1 - 8 - (-57 + (37 - 5)).
16
What is the value of (-15 - -19) + -14 + 12?
2
Evaluate -15 + -1 + (14 - (-19 - (10 + -50))).
-23
Evaluate (-3 - 1 - (-10 - -6)) + (-20 - 8).
-28
-6 + (-1 - -15) + -1
7
What is 17 - -7 - 18 - (-2 + 12 + 1)?
-5
-9 + -2 - (-107 + 85)
11
What is (-6 - -7) + (-2 + -8 - -5) + 5?
1
What is the value of 3 - (-20 + 8) - 10 - -6 - -17?
28
Calculate -9 - -9 - (-10 + 1).
9
What is the value of (-19 - (-15 + -6)) + -17?
-15
Calculate 3 + -2 - (-3 + 1 + 3).
0
(44 + -32 - 19) + 35
28
-2 - (1 + (-21 - -8))
10
What is the value of 69 - 69 - (-1 + 6)?
-5
-2 + 11 - -6 - -5 - -2
22
What is the value of -80 - -60 - (-1 - 16)?
-3
What is the value of 2 + (-2 - -8) + (-14 - -2)?
-4
Evaluate -6 - (-2 + -4 + (6 - 2) + 6).
-10
What is 4 + 0 + (8 - 4) + 15?
23
Calculate 9 - (-10 + 21 + -10 + 7).
1
((-9 - -19) + -2 - 4) + 8
12
What is the value of -10 + (-2 - (-3 + -7 + -1 + 5))?
-6
Calculate -7 + (-6 + 1 + 11 - 9) + 8.
-2
What is 25 + (5 - (-6 - (-9 - -12) - -6))?
33
What is the value of 14 + -12 - (-29 + 16)?
15
Evaluate 27 + 10 + -12 + -24.
1
Evaluate 22 + -28 + 19 + 6.
19
What is (15 - 10) + (10 - 6)?
9
What is 2 - (-46 - (-2 - 15) - -19)?
12
0 + -15 - (-11 + -3)
-1
Evaluate -13 - ((17 - -2) + -17).
-15
What is the value of 12 - ((10 - -6) + (-5 - 11))?
12
What is -20 + 19 + (4 - (6 + -3 - 0))?
0
27 + 0 + 533 + -545
15
Calculate 2 + (6 - (8 - 4) - -4 - 4).
4
What is the value of (-244 - -202) + -1 + 23?
-20
58 + (-66 - -34) - 29
-3
-7 + 12 + -4 + (14 - (9 + 1))
5
Evaluate (-32 - -2) + (172 - 116).
26
Evaluate 0 + 25 + (-1223 - -1195).
-3
Calculate (37 - 1) + (377 - 414).
-1
Evaluate -28 + 5 + 63 - 73.
-33
(-11 - -52) + -12 - (-12 - -28)
13
What is the value of 19 - (11 - -18) - (1 - -15)?
-26
(57 + -43 - (3 + 8)) + (9 - -1)
13
Calculate (0 - 0) + (-34 - -39) - (-6 - 1).
12
What is the value of -14 + (-2 - -9) - 5 - 0?
-12
What is 3353 + -3375 - ((-1 - 0) + 1)?
-22
Evaluate (8 - 46) + 25 - -4.
-9
Evaluate 1 - -3 - (4 + -11 + 5).
6
(49 + 34 - 23) + -23
37
12 - (-22 + 14) - 7
13
Evaluate -6 - 10 - (8 + -37).
13
What is -8 + (-16 - -27) + (0 - -13)?
16
Evaluate 38 - (-14 + 93) - -70.
29
Calculate -2 - 23 - (17 + -30) - (-4 + -44).
36
What is the value of (-2 - 11) + (44 - 13) + -2?
16
What is the value of (20 - (9 - 16)) + -26 + -2 + 0?
-1
Evaluate (-2 + 14 - (10 - 8)) + 4.
14
Evaluate (-2 - (-1 + -8) - (-2 - -1)) + 5.
13
Calculate -62 + 29 + 33 + 0 + 0 + 2.
2
What is the value of (-19 - (0 - 3 - 0)) + 70 + -74?
-20
Evaluate (4 - (-4 + 24)) + 19.
3
What is (0 - (-8 - -1)) + -3 + 6?
10
What is the value of 7 + (10 - (3 - (-11 + 6 + 3)))?
12
Evaluate -16 + 20 + 8 + 3.
15
-22 - (-4 + 13 + -22)
-9
Calculate -37 - ((-1 - -9) + -23).
-22
Calculate 4 + (-4 - 0) + (-1 - 12).
-13
What is the value of -4 + -17 - (-37 - -4)?
12
15 + 25 + -33 + -31
-24
What is the value of 266 - 263 - (-6 - 2)?
11
Calculate (-13 - (14 - 27)) + 8.
8
What is (-2 - 2 - (-1 + 2)) + -129 + 134?
0
5 + (8 - (-1 - (1 - 5)))
10
What is -6 - -1 - (-6 - (-9 - -11))?
3
Evaluate -26 - -1 - 3 - (26 + (-38 - -9)).
-25
What is the value of (-4 - (24 - 8)) + 1 - -10?
-9
-17 - -23 - (2 + (-1 - -4))
1
What is -5 - (2 + 0) - (-5 + 7)?
-9
Calculate -28 + (46 - 35) + -6 + 3.
-20
What is -1 + 4 - (-20 + 16) - 12?
-5
442 + -445 - (7 - (3 + -6))
-13
13 - -1 - (1 - -6)
7
What is 2 + 2 + -5 + 2 + 4 + -4?
1
What is the value of -1142 + 1115 - (-29 + -1)?
3
What is -3 - -28 - (-3 + 10 + -2 + 3)?
17
Calculate 9 + (-47 - -11) + 34 + -20.
-13
Calculate 4 + (5 - 21 - -12).
0
Evaluate 21 + (49 - (29 + 13)).
28
-207 + 182 + (0 - -11)
-14
Evaluate (5 - (5 - 1)) + 47 + -54.
-6
Evaluate -54 + 4 + 33 + -9.
-26
Calculate (38 + -8 - 50) + (34 - -1).
15
What is (-2 - (-2 - -3)) + (-86 - -35) + 28?
-26
-21 + 1 + 100 + -93
-13
1 + (-9 - -2) + 0 + (17 - 24)
-13
(-5 - 1) + (-32 - -44) - -7
13
Calculate 6 + 0 - (-242 - -253).
-5
What is the value of (-15 - 6) + 26 + (-8 - 16)?
-19
What is the value of 3 + 1 + 3 - (-11 - (-2 + 2))?
18
9 - (6 + 16 + -28)
15
What is the value of (-7 - -8) + (6 - 0) + (1 - 6)?
2
2 - (7 + (2 - 2)) - -5
0
Calc